15 = 0. Give v(i).
-6
Let t(u) = 2*u**2 - 11*u + 26. Suppose 49*k = -3*k + 171 - 15. Give t(k).
11
Let x(u) = 2*u**2 - 8 - 3*u**2 - 2*u + 11*u. Suppose 2*o + 11645*k - 11641*k = 68, 3*o - 50 = -2*k. Give x(o).
0
Let j(k) = k - 9. Let x(s) = 6*s - 71. Let p(d) = -4*j(d) + x(d). Determine p(17).
-1
Let l(y) = -y**2 + 6*y + 48. Let r be ((-3)/4 - (-16)/(-64))*5. Let u be l(r). Let o(g) = -2*g**2 - 9*g + 1. Determine o(u).
-34
Suppose -12*j = -4*j. Suppose -c + 6*p - p - 15 = j, -3*c - 4*p - 7 = 0. Let i(n) = -n**2 - 5*n - 2. Give i(c).
-2
Suppose -10*b = a - 5*b + 26, -34 = -3*a - b. Let m(w) = -16*w + 216. Calculate m(a).
-8
Let p(s) = 184*s - 357*s - 43 + 187*s + 215*s**2 - 216*s**2. Determine p(8).
5
Let f(o) be the first derivative of 0*o**2 + o**3 - 1/4*o**4 + 0*o - 73. Determine f(3).
0
Let g(b) = -5*b - 28 + 0*b**2 - b + b**2 + 33. Let v = 78 - 73. Let p be g(v). Let f(m) = m**3 - m**2 - m - 2. Determine f(p).
-2
Let m be ((-1)/(-3))/((-2)/12)*-6. Suppose 8*i = m*i - 12. Let l(k) = k - 6. Let g be l(i). Let d(v) = -v**3 - 5*v**2 - 5*v - 2. What is d(g)?
-5
Let c(b) = 548*b**3 - 547*b**3 - 2 + 2*b + 3 + 4*b**2. Suppose 0 = -2*s - v - 8, 0 = 2*v + 4. Give c(s).
4
Let t(p) = p**2 + 186*p - 198*p + 6884 - 6946. Give t(15).
-17
Let a(s) = 13*s + 72. Suppose -180*g + 508*g = -1640. What is a(g)?
7
Let v(h) be the second derivative of h**5/120 - 2*h**4/3 + 7*h**3/6 - 3*h**2/2 - 12*h - 4. Let o(w) be the second derivative of v(w). What is o(15)?
-1
Let x(c) = 18*c - 3*c + c**3 - 3270*c**2 - 18 + 3*c + 3252*c**2. What is x(17)?
-1
Let h(i) = -28*i**2 - 30*i**2 - 20*i**2 + 109*i**2 + 5*i - 27*i**2 - 5. Calculate h(-3).
16
Let l(a) = -a + 26. Suppose -2*m = 3*b - 42 - 29, 5*m + 64 = 4*b. Suppose 21 = 42*v + b. What is l(v)?
26
Let v(k) = 47 + 123 - 67 - 24*k + 76. Determine v(8).
-13
Let q be (-1)/(1/(-2)*2)*3. Suppose q*n - 2*n = c + 6, 2*c + 5 = -5*n. Let w(u) = -1. Let f(t) = t**2 - 10*t. Let i(h) = n*f(h) - 6*w(h). Give i(6).
-18
Suppose -2*s + 3*i = -23, -3*i + 4 = 4*s + 3. Let r(b) = -1 - b + 0 + 1 - 2 + b**3 - s*b**2. Give r(4).
-6
Suppose -4 - 4 = -4*x. Let i(z) = -18 + 17 + 5*z**x + 8*z - 3*z**2. Let k(l) = l**2 + l - 1. Let f(v) = -i(v) + k(v). Calculate f(-5).
10
Let z = -2329 + 2316. Let v(g) = -g**3 - 14*g**2 - 10*g + 41. What is v(z)?
2
Let h(b) = b - 1. Suppose 0 = 4*p + 3*v - 0*v - 30, 5*v = p + 4. Suppose 4*r = r + p*r. Determine h(r).
-1
Let h(y) be the first derivative of -y**4/4 - 5*y**3/3 - 3*y**2 + 3*y + 549. Let a be (-2)/(-2)*30/(-6). Calculate h(a).
33
Suppose -2*y + 1 = -3. Let z(w) be the first derivative of w**3/6 - 2*w**2 - 17*w + 35. Let f(h) be the first derivative of z(h). What is f(y)?
-2
Let j(y) = -5*y**2 - 86*y + 61. Let d(r) = 2*r**2 + 29*r - 20. Let h(a) = -8*d(a) - 3*j(a). Give h(25).
2
Let o(i) = -13*i**2 - 9*i + 45. Let c(q) = 10*q**2 + 7*q - 44. Let b(m) = 4*c(m) + 3*o(m). Give b(-10).
49
Suppose 0*d + 32 = -4*d + n, 4*d + 4*n = -32. Let o be (-2)/(-1 - 3)*d. Let i(r) = r**2 - 2*r - 1. Give i(o).
23
Let n = -76 + 62. Let d be 20/(-70) - 4/n. Let z(x) = 1 + x + d - 2 + 2. Give z(-5).
-4
Suppose 14 - 4 = -l. Let v(i) be the first derivative of -i**4/12 - 5*i**3/3 + i - 60. Let h(x) be the first derivative of v(x). What is h(l)?
0
Suppose -3*l = 5*x + 70, 4*x + 1 = -l - 27. Suppose -3*q + 3*b = 30, -4*q + b + b - 50 = 0. Let m = l - q. Let p(t) = -t - 6. Give p(m).
-1
Let c(r) = 3*r - 2. Let x be c(3). Let m(z) = -126*z**2 + 4*z**3 + 267*z**2 + 6*z - 135*z**2 + 7 - 5*z**3. Give m(x).
0
Let w(g) be the first derivative of g**4/2 + 32*g**3/3 + 5*g + 542. Give w(-16).
5
Let t(l) = l**3 - 3*l**2 - 11*l + 27. Suppose -81*w - 106*w = -19*w - 672. Determine t(w).
-1
Let j(n) = n - 7. Let h(b) = 20*b - 75. Let g(s) = 2*h(s) - 22*j(s). Calculate g(-3).
-50
Let m(x) = -7*x**3 + 6*x**2 - 5*x - 12. Let v(d) = 6*d**3 - 5*d**2 + 5*d + 12. Let t(g) = -5*m(g) - 6*v(g). Give t(0).
-12
Suppose 5*m - 3*f = 0, -130*m + 135*m - 5*f = 10. Let v(d) = 24*d - 5. What is v(m)?
-77
Let v(f) = -2*f**3 + f**2 - f - 38. Let b(d) = -3*d**3 + d**2 - d - 28. Let w(a) = -4*b(a) + 3*v(a). What is w(1)?
4
Let p(j) = -21*j**2 + j + 5. Let c(n) = -22*n**2 + n + 6. Let s(x) = 5*c(x) - 6*p(x). Let m(g) = -14*g + 4. Let l be m(-6). Let a = l + -87. Give s(a).
15
Let g(j) = -2 - 10 + 2*j - 1. Let q be g(14). Suppose -3*v + q = -0. Let i(c) = c. Determine i(v).
5
Let k(i) be the third derivative of i**5/60 + i**4/12 - 3*i**3/2 + 7401*i**2. Let v be -4*(-1)/(-2 - -1). What is k(v)?
-1
Suppose 31*r - 3 = -2*y + 36*r, -4*r = -5*y + 16. Let j(o) = o**3 - 3*o**2 - 4*o + 1. Give j(y).
1
Suppose 4980*f - 3*i + 231 = 4975*f, -6 = 2*i. Let q(o) = 26*o + 1245. Give q(f).
-3
Let c(p) = 5*p**2 - 3*p + 1. Let q(j) = -j**3 - 44*j**2 - 46*j - 127. Suppose 4*b - 77 - 5 = 2*z, 3*z + 133 = -4*b. Let n be q(z). Determine c(n).
15
Let r(v) = -2*v - 15. Let p be r(-13). Let g(n) = 5*n - p*n - 1 + 5*n. Give g(4).
-5
Let z(q) be the first derivative of -q**3/3 - 5*q**2 + q - 927. Determine z(5).
-74
Let c(j) = -6*j**2 - 2*j**3 - 4*j**3 - 11*j + 10*j + 4 - 2. Let t(s) = s**3 + s**2 - 1. Let q = 41 - 42. Let r(m) = q*c(m) - 4*t(m). Determine r(-2).
-8
Let f(m) = -m**2 + m + 14. Suppose -4*j = 4*l - 16, 568*j - 20 = 572*j - 5*l. Determine f(j).
14
Let b(z) = -6*z**2 - 121*z - 19. Let q(a) = -2*a**2 + 96*a - 524. Let f be q(42). Give b(f).
1
Let v(k) = 3*k**2 - 16*k + 12. Let t(r) = -14*r**2 + 75*r - 58. Let b(q) = -4*t(q) - 19*v(q). Determine b(5).
-1
Suppose 2*a - 4*a = -8. Suppose -24*z = -30*z + 648. Let q(c) = -z + 27 + 24 + c + 29 + 24. Calculate q(a).
0
Let i(o) = -o**3 - 16*o**2 - 2*o - 39. Let b be 88/(-77) + (-832)/56. Determine i(b).
-7
Let o(v) = -3*v + 16. Let k(j) = 2*j - 7. Let b(x) = 9*k(x) + 4*o(x). Calculate b(-3).
-17
Suppose 2*b + 5*v = -56 + 82, 0 = 3*v - 18. Let r(l) = -4*l**2 + 0*l - l - 2 + 2*l**2 + l**2. What is r(b)?
-4
Let m(l) = -112*l + 6. Let a(s) = 18*s + 1. Let w(p) = -6*a(p) - m(p). Determine w(12).
36
Let d = -25 + 20. Let j be 2 - (-4 - (d - -4)). Suppose -5*m = -j*q - 10, 4*q - 5*m + 7*m = -32. Let t(n) = n**3 + 7*n**2 + 7*n - 5. What is t(q)?
-11
Let r be 4*-3*1/(-6)*2. Let w(q) = -r*q**3 - 8*q**2 + 3*q**3 - 2*q + 6 - 7. Let p be 4*5/((-5)/2). Determine w(p).
15
Let m = 10 - 15. Let u(l) = -l + 646 - l**3 - 8*l**2 + 651 - 1299. Let c(h) = -h**3 - 7*h**2 - h - 2. Let b(n) = m*u(n) + 6*c(n). Calculate b(-2).
0
Let m(o) = 5*o - 2. Let r be -72*(-5 - (-28)/6). Let b(y) = -6*y - 1. Let c be b(-2). Suppose c*v - 3*v - r = 0. What is m(v)?
13
Let b(i) be the second derivative of 1/2*i**2 + 0 - 1/2*i**3 - 1/20*i**5 - 42*i + 2/3*i**4. What is b(8)?
-23
Let m(c) = -c**3 - c**2. Let r(u) = -3*u - 9. Let f be r(18). Let o = -62 - f. Let p(d) = -6*d**3 - 5*d**2 + 23. Let q(w) = o*p(w) - 5*m(w). Give q(0).
23
Let p(t) = -t + 16. Suppose -268*a + 240*a = -308. Calculate p(a).
5
Let q(y) = -9*y + 7. Let j(b) be the second derivative of 5*b**3/3 - 7*b**2/2 - 3*b + 6. Let a(m) = 6*j(m) + 7*q(m). Calculate a(8).
-17
Suppose 2*l = -3*g + g + 102, 195 = 4*g + l. Suppose -30*i = -g*i. Let h(v) = -v + 5. Give h(i).
5
Let q(j) = -j + 3. Let p(h) be the second derivative of -h**5/20 - h**4/2 + 7*h**2/2 + 19*h. Suppose y - 3*y - 12 = 0. Let k be p(y). What is q(k)?
-4
Suppose -12*q + 46 + 266 = 0. Suppose 10*a - 4 = q. Let r(v) = -7*v - 1. Let b(k) = 3*k. Let d(z) = 8*b(z) + 3*r(z). Determine d(a).
6
Let u be (-32)/(-18) - 2/(-9). Let m(q) be the first derivative of q**4/4 + q**2 - q + 2339. Calculate m(u).
11
Suppose -s = -5*w + 33, -12*w - 88*s + 90*s = -76. Let b(x) = -16*x**2 + 83*x. Determine b(w).
15
Let k(r) = -r - 8. Suppose -5*a - 134 - 211 = 0. Let u = 65 + a. Determine k(u).
-4
Let s be (-7)/(-4)*(8 + (-16 + -8)/2). Let f(n) = -6*n + 9*n**2 - 3*n**2 + 5*n**3 - 8 - 4*n**3. Determine f(s).
-15
Let v(k) = 7*k**3 - 14*k**2 - 4*k. Let y(m) = -2*m**3 + 3*m**2 + m. Let u(j) = j**2 + 20*j + 27. Let g be u(-18). Let h(w) = g*y(w) - 2*v(w). Give h(2).
34
Let c be (-16)/6*120/80. Let v(s) = -2*s - 27. What is v(c)?
-19
Let r = 127 + -255. Let i be (-4)/(-18) + r/(-72). Let t(o) = 0*o - o**2 - 6 + 4*o - o + i*o**2. Determine t(-5).
4
Let i(s) = s**3 - 5*s**2 + 2*s + 3. Suppose -17 = -6*g - 5. Let q be 3/(-3*g/36). Let r = q + 21. Determine i(r).
-9
Let x = -2 + 5. L